8 = -42*w. Is 12 a factor of w?
False
Suppose -12*q - 3*h = -13*q + 43, 3*h + 3 = 0. Is q even?
True
Let s = 146 - -100. Is s a multiple of 24?
False
Suppose -4*m - 726 = 26*b - 28*b, -4*m + 1404 = 4*b. Is b a multiple of 54?
False
Suppose 0 = q + 3*q - 4*j - 16, -5*j = 10. Suppose 0 = n + 5*t - 31, q*n - 3*t = 55 + 20. Suppose n = -k + 3*k. Is k a multiple of 6?
True
Let b(u) = -u + 30. Let f be b(34). Let q(m) = -66*m + 11. Does 11 divide q(f)?
True
Let i(z) = z**3 + 12*z**2 - 29*z - 12. Let t be i(-14). Suppose -4*q + 10 = -2. Does 3 divide (-1 - -8) + t - q?
True
Let a = -25 + 49. Does 24 divide a?
True
Let m(t) = 5*t**3 - 5*t**2 + 4*t - 4. Is 42 a factor of m(4)?
True
Suppose 14 = -4*y - 10. Let z(t) = -t**3 + 7*t**2 - 6*t - 1. Let d be z(6). Does 6 divide 18*d/(y/4)?
True
Let h = 8 - 8. Let j = h + 10. Does 4 divide j?
False
Let u(v) = v**2 - v - 6. Let r be u(8). Let o = 74 - r. Is o a multiple of 8?
True
Let x(t) = t**3 + 8*t**2 + t + 14. Let j(y) = y**3 + 7*y**2 - 5*y + 16. Let z be j(-8). Let o be x(z). Let l = 16 - o. Is 10 a factor of l?
True
Suppose -5*c - 841 = -4*q, 3*q - 5*q + 5*c = -423. Is 19 a factor of q?
True
Suppose 3*r - 5*r - 2 = 0. Let a be (50/(-4))/(2/(-4)). Let d = a - r. Is d a multiple of 9?
False
Let f = -391 - -642. Does 19 divide f?
False
Suppose -4*q - a + 356 = 0, -a + 4*a = 3*q - 267. Suppose -1 = -2*n + q. Suppose 135 = 5*j - n. Is j a multiple of 18?
True
Let y(c) = c**2 - 11. Let p(k) = -6*k**2 - k - 1. Let f be p(-1). Let a be y(f). Let w = 40 - a. Is w a multiple of 4?
False
Suppose 0 = -5*o + 5*p + 47 - 12, -2*p - 8 = 0. Suppose -25 = o*b + 59. Is 21 a factor of 4/(-14) - 1772/b?
True
Let t(n) be the second derivative of -34*n**5/5 - n**4/12 - n**3/6 + 16*n. Is t(-1) a multiple of 17?
True
Let n be 2*-11*(-4)/8. Let u be (21/(-2))/(n/44). Let l = u - -63. Does 21 divide l?
True
Let v be ((-6)/5)/((-9)/(-30)). Let b be v*52/(-40)*5. Suppose 3*p - 4 + b = 2*k, -38 = -2*k - 5*p. Is k a multiple of 4?
False
Let c(z) = -z**3 + z**2 + z + 42. Suppose -2*m - 6*m = -m. Is c(m) a multiple of 14?
True
Suppose -2*u + 3 = -7. Suppose 836 = 2*n + 2*j, -5*n + 1967 = 2*j - 138. Suppose -33 = u*l - n. Is 26 a factor of l?
True
Suppose -2*h = 2*h. Let a be 6/(2 + -4) + (-18)/(-3). Suppose a*d = -h*d + 78. Does 7 divide d?
False
Let l = 294 + -99. Does 4 divide l?
False
Let a be 0/((-12)/(-4)) + -38. Let m = -16 - a. Is 5 a factor of m?
False
Let c(k) = 3*k**2 - 6*k**2 - 2*k**3 - 6 - 7*k - 2*k**2. Does 23 divide c(-4)?
False
Let d = 91 + 188. Does 9 divide d?
True
Let v(o) = o + 1. Let i be v(3). Suppose -i*w - 96 = -8*w. Does 13 divide w?
False
Let f = 310 - 58. Is 84 a factor of f?
True
Suppose -9 + 6 = -i. Suppose -2*x - 3*x + 65 = 5*s, i*x - 59 = -5*s. Is 5 a factor of s?
True
Let p = 187 + -159. Is 14 a factor of p?
True
Let t(k) = -2*k + 124. Is 10 a factor of t(7)?
True
Let f(c) = -6*c**2 - 4*c + 6. Let r be f(2). Let q(o) = 2*o + 76. Does 24 divide q(r)?
True
Let g = -19 + -3. Is 32 a factor of (-2702)/g + (-8)/(-44)?
False
Let q = 7 - -2. Let z be 15/q*6/2. Is 5 a factor of 180/z - 1*-2?
False
Let p be (16/32)/((-2)/(-44)). Does 9 divide (-6)/(-5)*((-5225)/(-10))/p?
False
Let k = -1472 + 4846. Is 112 a factor of k?
False
Suppose -4*k = -0*k - 2*r - 1600, 0 = 5*r - 10. Is k a multiple of 23?
False
Let y(g) be the second derivative of g**5/20 + g**4/3 - 7*g**3/6 - 3*g**2/2 - 2*g. Does 2 divide y(-5)?
False
Let c = -37 - -29. Does 17 divide (-12)/c - (-665)/10?
True
Let o be (-62)/(-4) + (-2)/(-4). Suppose o*r = 21*r - 25. Suppose 3*p = 43 + r. Does 8 divide p?
True
Suppose 2*a - 4*y = -2*y + 1076, 2708 = 5*a + 4*y. Is a a multiple of 4?
True
Suppose f - 2*y - 509 = 441, 3*y - 3855 = -4*f. Is 12 a factor of f?
True
Let t be ((-668)/8)/(1*(-3)/6). Let q = 289 - t. Is 10 a factor of q?
False
Let r(j) = j**3 - 8*j**2 - 6*j - 12. Let k be r(7). Let y = k + 186. Does 11 divide y?
False
Suppose -5*k = -4*h - 1733, -3*k + 704 = -k + 2*h. Suppose 3*u = -61 + k. Is u a multiple of 12?
True
Let v = 51 - -27. Suppose -161 = -f + 4*h + v, 0 = -3*f + 4*h + 749. Does 28 divide f?
False
Let j(r) = r**2 + r - 2. Let g be j(-6). Does 7 divide (0 - -9)*g/12?
True
Let h(v) be the second derivative of 53*v**5/20 + v**4/12 - v**3/3 - 4*v. Let o(f) = 53*f**3 + 2*f**2 - 3*f. Let t(z) = -3*h(z) + 2*o(z). Does 18 divide t(-1)?
True
Is (2 - (-162)/21)/(6/21) even?
True
Let z = 21 - 30. Let o(f) = -f**3 - 8*f**2 + 6*f. Let x be o(z). Let g = x - -12. Is g a multiple of 8?
False
Let z(v) = -v - 14. Let m be z(-14). Let n be (-1 + 33/(-12))*8. Let u = m - n. Is 15 a factor of u?
True
Does 53 divide (8/6*-3)/(30/(-1590))?
True
Is 12 a factor of (1 + (5 - -95))/((-7)/(-189))?
False
Let x = 30 + -25. Suppose 4*m - 363 = -x*g + 129, 4*m = -3*g + 492. Let b = m + -88. Does 35 divide b?
True
Let d = 1227 - 123. Does 9 divide d?
False
Suppose -t + 4*z = -53, -4*t + 312 = 29*z - 25*z. Is t a multiple of 40?
False
Let g(u) = u + 17. Let h = -45 - -35. Let v be g(h). Is (v/(-21))/(2/(-270)) a multiple of 15?
True
Suppose -12*c + 8*c = 5*b - 15295, -c - 12236 = -4*b. Is 23 a factor of b?
True
Let y be 5/4*-14 - (-2)/4. Let s be 9/(-12)*(17 + -1). Is 17 a factor of y/3*(s + 3)?
True
Let i(n) = -36*n**3 - n - 1. Let o be -2*((-9)/(-6) + -2). Suppose 0*d = d + o. Does 10 divide i(d)?
False
Let y(h) = h**2 - 17*h - 15. Let x(v) = -4*v - 8. Let d be x(-7). Is 15 a factor of y(d)?
True
Let n = 42 + -46. Is ((-2)/n)/((-2)/(-288)) a multiple of 24?
True
Let u(p) = -p**2 - 15*p + 12. Let y be u(-12). Suppose -y*v + 43*v + 160 = 0. Is v a multiple of 7?
False
Suppose 3*t = g + 25, 3*g = -4*t - 0*g + 29. Let x(c) = -7*c + c + 1108*c**2 - 1107*c**2 - 6. Is 6 a factor of x(t)?
False
Suppose -8*b + 4991 = -6001. Is 28 a factor of b?
False
Suppose 5*j = -5*a + 425, a - 40 = -4*j + 294. Suppose 0 = 3*l - j - 13. Does 16 divide l?
True
Suppose -5*z + 29 = -2*h, 0 = 2*z + h - 0*h - 8. Suppose 2*c - 39 = -g, -5*g + 19 + 71 = z*c. Is c a multiple of 15?
False
Let y = 369 + -79. Let x = y + -128. Does 27 divide x?
True
Let j = 7855 + -4757. Is 17 a factor of j?
False
Let f be ((-2)/6)/((-2)/2874). Suppose f = 5*m - 221. Suppose -4*j + m = 3*j. Is 20 a factor of j?
True
Let y(k) = -3*k**3 + k + 1. Let f be y(-1). Is f/12 - (-158)/8 a multiple of 10?
True
Suppose 39 = -3*r - 6. Does 13 divide r/(-9)*525/7?
False
Suppose -909*r = -917*r + 1040. Is 13 a factor of r?
True
Suppose -2*n - 204 = 4*x - 586, -2*n + 398 = -4*x. Is 4 a factor of n?
False
Let p(d) = 2*d**2 + d + 3 - 23 + 0 + d. Does 8 divide p(5)?
True
Suppose -g = -4*z - 5*g + 20, -2*g + 4 = 0. Is 30 a factor of z*(26 + (5 - 1))?
True
Let a(v) = v**3 - 2*v**2 + 4*v - 3. Let x be a(2). Suppose -x*h = 166 + 9. Is h/(-5)*(-1 + 2) a multiple of 2?
False
Let v be 25*(0 - (4 + -1)). Let h = 122 + v. Does 17 divide (13 - h)/(2/(-3))?
True
Suppose 137*k = 145*k - 104. Does 7 divide k?
False
Let v(z) = z**3 - 8*z**2 - 2*z + 6. Let f be v(7). Let a = -4 - f. Let m = a - -5. Is 29 a factor of m?
True
Suppose 36*c = 80*c - 27676. Does 77 divide c?
False
Suppose -3*b + w = 2*b - 75, 2*w + 15 = b. Let c be (6/b)/((-1)/5). Does 20 divide ((-60)/c)/(24/16)?
True
Suppose -6*w - 2*u + 214 = -w, -5*u = 4*w - 161. Suppose -d + 27 = 3*f, 4*d = 2*f + 2*f + w. Is 2 a factor of d?
False
Let a(k) = 55*k**3 - k**2 + 2*k - 1. Suppose 3*p - 5 + 2 = 0. Does 8 divide a(p)?
False
Let l(z) = -3*z + 7. Let s be l(5). Let m(k) = -48*k - 10. Let w be m(s). Suppose -3*t - t = 5*n - w, -3*t - 3*n + 282 = 0. Does 16 divide t?
True
Suppose 0 = 2*h + 4*v - 176, 0 = -6*h + 4*h + v + 166. Let x = h + 113. Is x a multiple of 11?
False
Suppose -2*s - 26 = -4*i - 0*s, 28 = 2*i - 4*s. Let p be ((-20)/6)/((-32)/48). Suppose i = -4*t, 0*y - p*t = 5*y - 145. Is 10 a factor of y?
True
Let z(p) = -p**3 - 6*p**2 - 3*p. Let f be z(-6). Let j = f + -16. Suppose 0 = -j*b + b + 6. Is 2 a factor of b?
True
Let i(q) = q**3 - 3*q**2 + 3*q. Let k(h) = h**2 + 15*h + 29. Let l be k(-13). Is 2 a factor of i(l)?
False
Let c = 3 + -2. Let k(r) = -r**2 - 4*r + 49. Let l be k(-11). Let y = c - l. Is y a multiple of 23?
False
Suppose -3*d + 1808 = 2*v, -5*d + 1697 = v - 1307. Is d a multiple of 10?
True
Suppose -4*x = -0*i + 3*i - 4347, 3*x - 2*i = 3239. Does 21 divide (x/(-38))/(